[INFO] fetching crate recless 0.3.0...
[INFO] checking recless-0.3.0 against try#72f88fc4e9458f89516a0b8b0868f3718aec5b47 for pr-74989
[INFO] extracting crate recless 0.3.0 into /workspace/builds/worker-9/source
[INFO] validating manifest of crates.io crate recless 0.3.0 on toolchain 72f88fc4e9458f89516a0b8b0868f3718aec5b47
[INFO] running `Command { std: "/workspace/cargo-home/bin/cargo" "+72f88fc4e9458f89516a0b8b0868f3718aec5b47" "read-manifest" "--manifest-path" "Cargo.toml", kill_on_drop: false }`
[INFO] started tweaking crates.io crate recless 0.3.0
[INFO] finished tweaking crates.io crate recless 0.3.0
[INFO] tweaked toml for crates.io crate recless 0.3.0 written to /workspace/builds/worker-9/source/Cargo.toml
[INFO] running `Command { std: "/workspace/cargo-home/bin/cargo" "+72f88fc4e9458f89516a0b8b0868f3718aec5b47" "generate-lockfile" "--manifest-path" "Cargo.toml" "-Zno-index-update", kill_on_drop: false }`
[INFO] running `Command { std: "/workspace/cargo-home/bin/cargo" "+72f88fc4e9458f89516a0b8b0868f3718aec5b47" "fetch" "--locked" "--manifest-path" "Cargo.toml", kill_on_drop: false }`
[INFO] [stderr]  Downloading crates ...
[INFO] [stderr]   Downloaded blas-sys v0.6.9
[INFO] [stderr]   Downloaded blas v0.16.1
[INFO] running `Command { std: "docker" "create" "-v" "/var/lib/crater-agent-workspace/builds/worker-9/target:/opt/rustwide/target:rw,Z" "-v" "/var/lib/crater-agent-workspace/builds/worker-9/source:/opt/rustwide/workdir:ro,Z" "-v" "/var/lib/crater-agent-workspace/cargo-home:/opt/rustwide/cargo-home:ro,Z" "-v" "/var/lib/crater-agent-workspace/rustup-home:/opt/rustwide/rustup-home:ro,Z" "-e" "SOURCE_DIR=/opt/rustwide/workdir" "-e" "CARGO_TARGET_DIR=/opt/rustwide/target" "-e" "CARGO_HOME=/opt/rustwide/cargo-home" "-e" "RUSTUP_HOME=/opt/rustwide/rustup-home" "-w" "/opt/rustwide/workdir" "-m" "1610612736" "--user" "0:0" "--network" "none" "rustops/crates-build-env@sha256:d92eaeed33fa75130ca1ee6c8a01d1ffb62bac859dfdfb3450e3e5d1c0146529" "/opt/rustwide/cargo-home/bin/cargo" "+72f88fc4e9458f89516a0b8b0868f3718aec5b47" "metadata" "--no-deps" "--format-version=1", kill_on_drop: false }`
[INFO] [stderr] WARNING: Your kernel does not support swap limit capabilities or the cgroup is not mounted. Memory limited without swap.
[INFO] [stdout] 20bff9959c9aad20eb1a347f69f453b59a8bff0f0161a94ec6dddfcf212c7a5a
[INFO] running `Command { std: "docker" "start" "-a" "20bff9959c9aad20eb1a347f69f453b59a8bff0f0161a94ec6dddfcf212c7a5a", kill_on_drop: false }`
[INFO] running `Command { std: "docker" "inspect" "20bff9959c9aad20eb1a347f69f453b59a8bff0f0161a94ec6dddfcf212c7a5a", kill_on_drop: false }`
[INFO] running `Command { std: "docker" "rm" "-f" "20bff9959c9aad20eb1a347f69f453b59a8bff0f0161a94ec6dddfcf212c7a5a", kill_on_drop: false }`
[INFO] [stdout] 20bff9959c9aad20eb1a347f69f453b59a8bff0f0161a94ec6dddfcf212c7a5a
[INFO] running `Command { std: "docker" "create" "-v" "/var/lib/crater-agent-workspace/builds/worker-9/target:/opt/rustwide/target:rw,Z" "-v" "/var/lib/crater-agent-workspace/builds/worker-9/source:/opt/rustwide/workdir:ro,Z" "-v" "/var/lib/crater-agent-workspace/cargo-home:/opt/rustwide/cargo-home:ro,Z" "-v" "/var/lib/crater-agent-workspace/rustup-home:/opt/rustwide/rustup-home:ro,Z" "-e" "SOURCE_DIR=/opt/rustwide/workdir" "-e" "CARGO_TARGET_DIR=/opt/rustwide/target" "-e" "CARGO_INCREMENTAL=0" "-e" "RUST_BACKTRACE=full" "-e" "RUSTFLAGS=--cap-lints=forbid" "-e" "CARGO_HOME=/opt/rustwide/cargo-home" "-e" "RUSTUP_HOME=/opt/rustwide/rustup-home" "-w" "/opt/rustwide/workdir" "-m" "1610612736" "--user" "0:0" "--network" "none" "rustops/crates-build-env@sha256:d92eaeed33fa75130ca1ee6c8a01d1ffb62bac859dfdfb3450e3e5d1c0146529" "/opt/rustwide/cargo-home/bin/cargo" "+72f88fc4e9458f89516a0b8b0868f3718aec5b47" "check" "--frozen" "--all" "--all-targets" "--message-format=json", kill_on_drop: false }`
[INFO] [stdout] 50968d86dc9b0ba423be9f87c7675a614b3069e2f4c5d9de4d047e62a8d0330e
[INFO] [stderr] WARNING: Your kernel does not support swap limit capabilities or the cgroup is not mounted. Memory limited without swap.
[INFO] running `Command { std: "docker" "start" "-a" "50968d86dc9b0ba423be9f87c7675a614b3069e2f4c5d9de4d047e62a8d0330e", kill_on_drop: false }`
[INFO] [stderr]    Compiling autocfg v1.0.1
[INFO] [stderr]    Compiling libc v0.2.77
[INFO] [stderr]    Compiling matrixmultiply v0.1.15
[INFO] [stderr]     Checking rawpointer v0.1.0
[INFO] [stderr]    Compiling ndarray v0.10.14
[INFO] [stderr]     Checking either v1.6.0
[INFO] [stderr]     Checking itertools v0.7.11
[INFO] [stderr]    Compiling num-traits v0.2.12
[INFO] [stderr]     Checking blas-sys v0.6.9
[INFO] [stderr]     Checking num-complex v0.1.43
[INFO] [stderr]     Checking num-traits v0.1.43
[INFO] [stderr]     Checking blas v0.16.1
[INFO] [stderr]     Checking recless v0.3.0 (/opt/rustwide/workdir)
[INFO] [stdout] error[E0277]: the trait bound `ndarray::ArrayBase<OwnedRepr<f32>, Dim<[usize; 1]>>: Dot<&ndarray::ArrayBase<S, Dim<[usize; 1]>>>` is not satisfied
[INFO] [stdout]    --> src/lib.rs:115:57
[INFO] [stdout]     |
[INFO] [stdout] 115 |                 self.prior_error = target - self.weight.dot(&input);
[INFO] [stdout]     |                                                         ^^^ the trait `Dot<&ndarray::ArrayBase<S, Dim<[usize; 1]>>>` is not implemented for `ndarray::ArrayBase<OwnedRepr<f32>, Dim<[usize; 1]>>`
[INFO] [stdout] ...
[INFO] [stdout] 150 | impl_update!(f32, blas::c::sger);
[INFO] [stdout]     | --------------------------------- in this macro invocation
[INFO] [stdout]     |
[INFO] [stdout]     = help: the following implementations were found:
[INFO] [stdout]               <ndarray::ArrayBase<S, Dim<[usize; 1]>> as Dot<ndarray::ArrayBase<S2, Dim<[usize; 1]>>>>
[INFO] [stdout]               <ndarray::ArrayBase<S, Dim<[usize; 1]>> as Dot<ndarray::ArrayBase<S2, Dim<[usize; 2]>>>>
[INFO] [stdout]               <ndarray::ArrayBase<S, Dim<[usize; 2]>> as Dot<ndarray::ArrayBase<S2, Dim<[usize; 1]>>>>
[INFO] [stdout]               <ndarray::ArrayBase<S, Dim<[usize; 2]>> as Dot<ndarray::ArrayBase<S2, Dim<[usize; 2]>>>>
[INFO] [stdout]     = note: this error originates in a macro (in Nightly builds, run with -Z macro-backtrace for more info)
[INFO] [stdout] 
[INFO] [stdout] 
[INFO] [stdout] error[E0277]: the trait bound `ndarray::ArrayBase<OwnedRepr<f64>, Dim<[usize; 1]>>: Dot<&ndarray::ArrayBase<S, Dim<[usize; 1]>>>` is not satisfied
[INFO] [stdout]    --> src/lib.rs:115:57
[INFO] [stdout]     |
[INFO] [stdout] 115 |                 self.prior_error = target - self.weight.dot(&input);
[INFO] [stdout]     |                                                         ^^^ the trait `Dot<&ndarray::ArrayBase<S, Dim<[usize; 1]>>>` is not implemented for `ndarray::ArrayBase<OwnedRepr<f64>, Dim<[usize; 1]>>`
[INFO] [stdout] ...
[INFO] [stdout] 151 | impl_update!(f64, blas::c::dger);
[INFO] [stdout]     | --------------------------------- in this macro invocation
[INFO] [stdout]     |
[INFO] [stdout]     = help: the following implementations were found:
[INFO] [stdout]               <ndarray::ArrayBase<S, Dim<[usize; 1]>> as Dot<ndarray::ArrayBase<S2, Dim<[usize; 1]>>>>
[INFO] [stdout]               <ndarray::ArrayBase<S, Dim<[usize; 1]>> as Dot<ndarray::ArrayBase<S2, Dim<[usize; 2]>>>>
[INFO] [stdout]               <ndarray::ArrayBase<S, Dim<[usize; 2]>> as Dot<ndarray::ArrayBase<S2, Dim<[usize; 1]>>>>
[INFO] [stdout]               <ndarray::ArrayBase<S, Dim<[usize; 2]>> as Dot<ndarray::ArrayBase<S2, Dim<[usize; 2]>>>>
[INFO] [stdout]     = note: this error originates in a macro (in Nightly builds, run with -Z macro-backtrace for more info)
[INFO] [stdout] 
[INFO] [stdout] 
[INFO] [stdout] error: aborting due to 2 previous errors
[INFO] [stdout] 
[INFO] [stdout] 
[INFO] [stdout] For more information about this error, try `rustc --explain E0277`.
[INFO] [stdout] 
[INFO] [stderr] error: could not compile `recless`.
[INFO] [stderr] 
[INFO] [stderr] To learn more, run the command again with --verbose.
[INFO] [stderr] warning: build failed, waiting for other jobs to finish...
[INFO] [stdout] error[E0277]: the trait bound `ndarray::ArrayBase<OwnedRepr<f32>, Dim<[usize; 1]>>: Dot<&ndarray::ArrayBase<S, Dim<[usize; 1]>>>` is not satisfied
[INFO] [stdout]    --> src/lib.rs:115:57
[INFO] [stdout]     |
[INFO] [stdout] 115 |                 self.prior_error = target - self.weight.dot(&input);
[INFO] [stdout]     |                                                         ^^^ the trait `Dot<&ndarray::ArrayBase<S, Dim<[usize; 1]>>>` is not implemented for `ndarray::ArrayBase<OwnedRepr<f32>, Dim<[usize; 1]>>`
[INFO] [stdout] ...
[INFO] [stdout] 150 | impl_update!(f32, blas::c::sger);
[INFO] [stdout]     | --------------------------------- in this macro invocation
[INFO] [stdout]     |
[INFO] [stdout]     = help: the following implementations were found:
[INFO] [stdout]               <ndarray::ArrayBase<S, Dim<[usize; 1]>> as Dot<ndarray::ArrayBase<S2, Dim<[usize; 1]>>>>
[INFO] [stdout]               <ndarray::ArrayBase<S, Dim<[usize; 1]>> as Dot<ndarray::ArrayBase<S2, Dim<[usize; 2]>>>>
[INFO] [stdout]               <ndarray::ArrayBase<S, Dim<[usize; 2]>> as Dot<ndarray::ArrayBase<S2, Dim<[usize; 1]>>>>
[INFO] [stdout]               <ndarray::ArrayBase<S, Dim<[usize; 2]>> as Dot<ndarray::ArrayBase<S2, Dim<[usize; 2]>>>>
[INFO] [stdout]     = note: this error originates in a macro (in Nightly builds, run with -Z macro-backtrace for more info)
[INFO] [stdout] 
[INFO] [stdout] 
[INFO] [stdout] error[E0277]: the trait bound `ndarray::ArrayBase<OwnedRepr<f64>, Dim<[usize; 1]>>: Dot<&ndarray::ArrayBase<S, Dim<[usize; 1]>>>` is not satisfied
[INFO] [stdout]    --> src/lib.rs:115:57
[INFO] [stdout]     |
[INFO] [stdout] 115 |                 self.prior_error = target - self.weight.dot(&input);
[INFO] [stdout]     |                                                         ^^^ the trait `Dot<&ndarray::ArrayBase<S, Dim<[usize; 1]>>>` is not implemented for `ndarray::ArrayBase<OwnedRepr<f64>, Dim<[usize; 1]>>`
[INFO] [stdout] ...
[INFO] [stdout] 151 | impl_update!(f64, blas::c::dger);
[INFO] [stdout]     | --------------------------------- in this macro invocation
[INFO] [stdout]     |
[INFO] [stdout]     = help: the following implementations were found:
[INFO] [stdout]               <ndarray::ArrayBase<S, Dim<[usize; 1]>> as Dot<ndarray::ArrayBase<S2, Dim<[usize; 1]>>>>
[INFO] [stdout]               <ndarray::ArrayBase<S, Dim<[usize; 1]>> as Dot<ndarray::ArrayBase<S2, Dim<[usize; 2]>>>>
[INFO] [stdout]               <ndarray::ArrayBase<S, Dim<[usize; 2]>> as Dot<ndarray::ArrayBase<S2, Dim<[usize; 1]>>>>
[INFO] [stdout]               <ndarray::ArrayBase<S, Dim<[usize; 2]>> as Dot<ndarray::ArrayBase<S2, Dim<[usize; 2]>>>>
[INFO] [stdout]     = note: this error originates in a macro (in Nightly builds, run with -Z macro-backtrace for more info)
[INFO] [stdout] 
[INFO] [stdout] 
[INFO] [stdout] error: aborting due to 2 previous errors
[INFO] [stdout] 
[INFO] [stdout] 
[INFO] [stdout] For more information about this error, try `rustc --explain E0277`.
[INFO] [stdout] 
[INFO] [stderr] error: build failed
[INFO] running `Command { std: "docker" "inspect" "50968d86dc9b0ba423be9f87c7675a614b3069e2f4c5d9de4d047e62a8d0330e", kill_on_drop: false }`
[INFO] running `Command { std: "docker" "rm" "-f" "50968d86dc9b0ba423be9f87c7675a614b3069e2f4c5d9de4d047e62a8d0330e", kill_on_drop: false }`
[INFO] [stdout] 50968d86dc9b0ba423be9f87c7675a614b3069e2f4c5d9de4d047e62a8d0330e
